{"id":1567,"date":"2024-04-20T10:18:19","date_gmt":"2024-04-20T10:18:19","guid":{"rendered":"https:\/\/afturelding.is\/fjaroflun\/?post_type=product&#038;p=1567"},"modified":"2025-05-05T09:13:16","modified_gmt":"2025-05-05T09:13:16","slug":"snakkthrenna","status":"publish","type":"product","link":"https:\/\/afturelding.is\/fjaroflun\/vara\/snakkthrenna\/","title":{"rendered":"Snakk\u00ferenna"},"content":{"rendered":"","protected":false},"excerpt":{"rendered":"<p>Paprikustj\u00f6rnu, Part\u00fd Mix salt og pipar, Stj\u00f6rnupopp 90 gr.<\/p>\n","protected":false},"featured_media":1568,"template":"","meta":[],"product_cat":[15],"product_tag":[],"class_list":["post-1567","product","type-product","status-publish","has-post-thumbnail","hentry","product_cat-fjaroflun"],"_links":{"self":[{"href":"https:\/\/afturelding.is\/fjaroflun\/wp-json\/wp\/v2\/product\/1567","targetHints":{"allow":["GET"]}}],"collection":[{"href":"https:\/\/afturelding.is\/fjaroflun\/wp-json\/wp\/v2\/product"}],"about":[{"href":"https:\/\/afturelding.is\/fjaroflun\/wp-json\/wp\/v2\/types\/product"}],"wp:featuredmedia":[{"embeddable":true,"href":"https:\/\/afturelding.is\/fjaroflun\/wp-json\/wp\/v2\/media\/1568"}],"wp:attachment":[{"href":"https:\/\/afturelding.is\/fjaroflun\/wp-json\/wp\/v2\/media?parent=1567"}],"wp:term":[{"taxonomy":"product_cat","embeddable":true,"href":"https:\/\/afturelding.is\/fjaroflun\/wp-json\/wp\/v2\/product_cat?post=1567"},{"taxonomy":"product_tag","embeddable":true,"href":"https:\/\/afturelding.is\/fjaroflun\/wp-json\/wp\/v2\/product_tag?post=1567"}],"curies":[{"name":"wp","href":"https:\/\/api.w.org\/{rel}","templated":true}]}}