{"id":216,"date":"2020-02-01T19:09:53","date_gmt":"2020-02-01T19:09:53","guid":{"rendered":"https:\/\/afturelding.is\/fjaroflun\/?post_type=product&#038;p=216"},"modified":"2020-02-13T09:07:01","modified_gmt":"2020-02-13T09:07:01","slug":"kryddthrenna","status":"publish","type":"product","link":"https:\/\/afturelding.is\/fjaroflun\/vara\/kryddthrenna\/","title":{"rendered":"Krydd\u00ferenna"},"content":{"rendered":"","protected":false},"excerpt":{"rendered":"<p>\u00derj\u00e1r krukkur af \u00edslensku kryddi saman \u00ed pakka<\/p>\n<ul>\n<li>Bezt \u00e1 lambi\u00f0<\/li>\n<li>Bezt \u00e1 borgarann<\/li>\n<li>Bezt \u00e1 flest<\/li>\n<\/ul>\n","protected":false},"featured_media":217,"template":"","meta":[],"product_cat":[15],"product_tag":[],"class_list":["post-216","product","type-product","status-publish","has-post-thumbnail","hentry","product_cat-fjaroflun"],"_links":{"self":[{"href":"https:\/\/afturelding.is\/fjaroflun\/wp-json\/wp\/v2\/product\/216","targetHints":{"allow":["GET"]}}],"collection":[{"href":"https:\/\/afturelding.is\/fjaroflun\/wp-json\/wp\/v2\/product"}],"about":[{"href":"https:\/\/afturelding.is\/fjaroflun\/wp-json\/wp\/v2\/types\/product"}],"wp:featuredmedia":[{"embeddable":true,"href":"https:\/\/afturelding.is\/fjaroflun\/wp-json\/wp\/v2\/media\/217"}],"wp:attachment":[{"href":"https:\/\/afturelding.is\/fjaroflun\/wp-json\/wp\/v2\/media?parent=216"}],"wp:term":[{"taxonomy":"product_cat","embeddable":true,"href":"https:\/\/afturelding.is\/fjaroflun\/wp-json\/wp\/v2\/product_cat?post=216"},{"taxonomy":"product_tag","embeddable":true,"href":"https:\/\/afturelding.is\/fjaroflun\/wp-json\/wp\/v2\/product_tag?post=216"}],"curies":[{"name":"wp","href":"https:\/\/api.w.org\/{rel}","templated":true}]}}

Kryddþrenna

<p>Þrjár krukkur af íslensku kryddi saman í pakka</p>
<ul>
<li>Bezt á lambið</li>
<li>Bezt á borgarann</li>
<li>Bezt á flest</li>
</ul>
