{"id":297,"date":"2020-03-11T22:35:32","date_gmt":"2020-03-11T22:35:32","guid":{"rendered":"https:\/\/afturelding.is\/fjaroflun\/?post_type=product&#038;p=297"},"modified":"2020-05-07T23:44:15","modified_gmt":"2020-05-07T23:44:15","slug":"liverpool-spilastokkur","status":"publish","type":"product","link":"https:\/\/afturelding.is\/fjaroflun\/vara\/liverpool-spilastokkur\/","title":{"rendered":"Liverpool spilastokkur"},"content":{"rendered":"","protected":false},"excerpt":{"rendered":"<p>Skemmtilegur spilastokkur fyrir a\u00f0d\u00e1endur breska f\u00f3tboltali\u00f0sins Liverpool en spilin eru skreytt me\u00f0 myndum af \u00fdmsum mikilv\u00e6gum leikm\u00f6nnum li\u00f0sins \u00ed gegnum t\u00ed\u00f0ina, \u00fe.\u00e1.m. Steven Gerrard, Xavi Alonso, Ian Rush og Daniel Sturrige.<\/p>\n","protected":false},"featured_media":298,"template":"","meta":[],"product_cat":[15],"product_tag":[],"class_list":["post-297","product","type-product","status-publish","has-post-thumbnail","hentry","product_cat-fjaroflun"],"_links":{"self":[{"href":"https:\/\/afturelding.is\/fjaroflun\/wp-json\/wp\/v2\/product\/297","targetHints":{"allow":["GET"]}}],"collection":[{"href":"https:\/\/afturelding.is\/fjaroflun\/wp-json\/wp\/v2\/product"}],"about":[{"href":"https:\/\/afturelding.is\/fjaroflun\/wp-json\/wp\/v2\/types\/product"}],"wp:featuredmedia":[{"embeddable":true,"href":"https:\/\/afturelding.is\/fjaroflun\/wp-json\/wp\/v2\/media\/298"}],"wp:attachment":[{"href":"https:\/\/afturelding.is\/fjaroflun\/wp-json\/wp\/v2\/media?parent=297"}],"wp:term":[{"taxonomy":"product_cat","embeddable":true,"href":"https:\/\/afturelding.is\/fjaroflun\/wp-json\/wp\/v2\/product_cat?post=297"},{"taxonomy":"product_tag","embeddable":true,"href":"https:\/\/afturelding.is\/fjaroflun\/wp-json\/wp\/v2\/product_tag?post=297"}],"curies":[{"name":"wp","href":"https:\/\/api.w.org\/{rel}","templated":true}]}}