{"id":641,"date":"2021-05-17T21:35:32","date_gmt":"2021-05-17T21:35:32","guid":{"rendered":"https:\/\/afturelding.is\/fjaroflun\/?post_type=product&#038;p=641"},"modified":"2021-05-27T08:37:20","modified_gmt":"2021-05-27T08:37:20","slug":"sjukrapudi-500","status":"publish","type":"product","link":"https:\/\/afturelding.is\/fjaroflun\/vara\/sjukrapudi-500\/","title":{"rendered":"Sj\u00fakrap\u00fa\u00f0i 500"},"content":{"rendered":"<p>Innihald:<\/p>\n<p>4 stk. S\u00e1ragrisjur 10cm. x 10cm.<\/p>\n<p>1 pk. Pl\u00e1sturlengja<\/p>\n<p>1 pk. Pl\u00e1sturlengja vatnsheld<\/p>\n<p>2 stk. Klemmupl\u00e1stur<\/p>\n<p>1 stk. \u00c1lteppi<\/p>\n<p>10 stk. Hreinsikl\u00fatar<\/p>\n<p>1 stk. Fl\u00edsat\u00f6ng<\/p>\n<p>1 stk. Sk\u00e6ri<\/p>\n<p>4 stk. S\u00e1rabindi 7,5cm. x 4mtr.<\/p>\n<p>1 stk. Teygjubindi 5cm. x 4mtr.<\/p>\n<p>1 stk. Teygjubindi 7cm. x 4,5mtr.<\/p>\n<p>1 stk. \u00der\u00fdstib\u00f6ggull str. M<\/p>\n<p>1 stk. \u00der\u00fdstib\u00f6ggull str. S<\/p>\n<p>1 rl. Heftipl\u00e1stur<\/p>\n<p>2 stk. Einnota hanskar<\/p>\n<p>2 stk. Pl\u00e1sturpakki<\/p>\n<p>1 stk. Bl\u00e1stursmaski<\/p>\n<p>2 stk. Augnskol<\/p>\n<p>1 stk. Einnota k\u00e6lipoki<\/p>\n<p>1 stk. \u00der\u00edhyrna<\/p>\n<p>1 stk. Vasalj\u00f3s<\/p>\n<p>&nbsp;<\/p>\n","protected":false},"excerpt":{"rendered":"<p>Ein me\u00f0 \u00f6llu!<\/p>\n<p>\u00deessi flotta sj\u00fakrataska sem inniheldur allt \u00fea\u00f0 helsta sem \u00fearf til a\u00f0 breg\u00f0ast vi\u00f0 ef slys e\u00f0a veikindi ber a\u00f0 h\u00f6ndum.<\/p>\n<p>G\u00f3\u00f0 \u00e1 vinnusta\u00f0inn, \u00ed fjallafer\u00f0ir, atvinnub\u00edla og annars sta\u00f0ar \u00fear sem vi\u00f0 viljum og\/e\u00f0a ver\u00f0um a\u00f0 vera vel b\u00fain.<\/p>\n","protected":false},"featured_media":642,"template":"","meta":[],"product_cat":[15],"product_tag":[],"class_list":["post-641","product","type-product","status-publish","has-post-thumbnail","hentry","product_cat-fjaroflun"],"_links":{"self":[{"href":"https:\/\/afturelding.is\/fjaroflun\/wp-json\/wp\/v2\/product\/641","targetHints":{"allow":["GET"]}}],"collection":[{"href":"https:\/\/afturelding.is\/fjaroflun\/wp-json\/wp\/v2\/product"}],"about":[{"href":"https:\/\/afturelding.is\/fjaroflun\/wp-json\/wp\/v2\/types\/product"}],"wp:featuredmedia":[{"embeddable":true,"href":"https:\/\/afturelding.is\/fjaroflun\/wp-json\/wp\/v2\/media\/642"}],"wp:attachment":[{"href":"https:\/\/afturelding.is\/fjaroflun\/wp-json\/wp\/v2\/media?parent=641"}],"wp:term":[{"taxonomy":"product_cat","embeddable":true,"href":"https:\/\/afturelding.is\/fjaroflun\/wp-json\/wp\/v2\/product_cat?post=641"},{"taxonomy":"product_tag","embeddable":true,"href":"https:\/\/afturelding.is\/fjaroflun\/wp-json\/wp\/v2\/product_tag?post=641"}],"curies":[{"name":"wp","href":"https:\/\/api.w.org\/{rel}","templated":true}]}}