{"id":686,"date":"2021-10-29T08:32:17","date_gmt":"2021-10-29T08:32:17","guid":{"rendered":"https:\/\/afturelding.is\/fjaroflun\/?post_type=product&#038;p=686"},"modified":"2022-02-06T10:53:14","modified_gmt":"2022-02-06T10:53:14","slug":"kalkunabollur-600-gr","status":"publish","type":"product","link":"https:\/\/afturelding.is\/fjaroflun\/vara\/kalkunabollur-600-gr\/","title":{"rendered":"K\u00e1lk\u00fanabollur 500 gr."},"content":{"rendered":"","protected":false},"excerpt":{"rendered":"<p>Kalk\u00fanabollur fr\u00e1 \u00cdsfugl 500 gr. \u00ed poka<\/p>\n","protected":false},"featured_media":687,"template":"","meta":[],"product_cat":[15],"product_tag":[],"class_list":["post-686","product","type-product","status-publish","has-post-thumbnail","hentry","product_cat-fjaroflun"],"_links":{"self":[{"href":"https:\/\/afturelding.is\/fjaroflun\/wp-json\/wp\/v2\/product\/686","targetHints":{"allow":["GET"]}}],"collection":[{"href":"https:\/\/afturelding.is\/fjaroflun\/wp-json\/wp\/v2\/product"}],"about":[{"href":"https:\/\/afturelding.is\/fjaroflun\/wp-json\/wp\/v2\/types\/product"}],"wp:featuredmedia":[{"embeddable":true,"href":"https:\/\/afturelding.is\/fjaroflun\/wp-json\/wp\/v2\/media\/687"}],"wp:attachment":[{"href":"https:\/\/afturelding.is\/fjaroflun\/wp-json\/wp\/v2\/media?parent=686"}],"wp:term":[{"taxonomy":"product_cat","embeddable":true,"href":"https:\/\/afturelding.is\/fjaroflun\/wp-json\/wp\/v2\/product_cat?post=686"},{"taxonomy":"product_tag","embeddable":true,"href":"https:\/\/afturelding.is\/fjaroflun\/wp-json\/wp\/v2\/product_tag?post=686"}],"curies":[{"name":"wp","href":"https:\/\/api.w.org\/{rel}","templated":true}]}}