{"id":725,"date":"2021-11-22T19:06:01","date_gmt":"2021-11-22T19:06:01","guid":{"rendered":"https:\/\/afturelding.is\/fjaroflun\/?post_type=product&#038;p=725"},"modified":"2021-12-02T08:56:24","modified_gmt":"2021-12-02T08:56:24","slug":"jolapappir","status":"publish","type":"product","link":"https:\/\/afturelding.is\/fjaroflun\/vara\/jolapappir\/","title":{"rendered":"J\u00f3lapapp\u00edr"},"content":{"rendered":"<p>4x2m r\u00fallur, 2 hnotur og 7 slaufur<\/p>\n","protected":false},"excerpt":{"rendered":"<p>4x2m r\u00fallur, 2 hnotur og 7 slaufur<\/p>\n","protected":false},"featured_media":726,"template":"","meta":[],"product_cat":[15],"product_tag":[],"class_list":["post-725","product","type-product","status-publish","has-post-thumbnail","hentry","product_cat-fjaroflun"],"_links":{"self":[{"href":"https:\/\/afturelding.is\/fjaroflun\/wp-json\/wp\/v2\/product\/725","targetHints":{"allow":["GET"]}}],"collection":[{"href":"https:\/\/afturelding.is\/fjaroflun\/wp-json\/wp\/v2\/product"}],"about":[{"href":"https:\/\/afturelding.is\/fjaroflun\/wp-json\/wp\/v2\/types\/product"}],"wp:featuredmedia":[{"embeddable":true,"href":"https:\/\/afturelding.is\/fjaroflun\/wp-json\/wp\/v2\/media\/726"}],"wp:attachment":[{"href":"https:\/\/afturelding.is\/fjaroflun\/wp-json\/wp\/v2\/media?parent=725"}],"wp:term":[{"taxonomy":"product_cat","embeddable":true,"href":"https:\/\/afturelding.is\/fjaroflun\/wp-json\/wp\/v2\/product_cat?post=725"},{"taxonomy":"product_tag","embeddable":true,"href":"https:\/\/afturelding.is\/fjaroflun\/wp-json\/wp\/v2\/product_tag?post=725"}],"curies":[{"name":"wp","href":"https:\/\/api.w.org\/{rel}","templated":true}]}}