{"id":727,"date":"2021-11-22T19:07:59","date_gmt":"2021-11-22T19:07:59","guid":{"rendered":"https:\/\/afturelding.is\/fjaroflun\/?post_type=product&#038;p=727"},"modified":"2021-12-02T08:56:09","modified_gmt":"2021-12-02T08:56:09","slug":"bokamerki","status":"publish","type":"product","link":"https:\/\/afturelding.is\/fjaroflun\/vara\/bokamerki\/","title":{"rendered":"B\u00f3kamerki &#8211; hjarta"},"content":{"rendered":"<p>Falleg b\u00f3kamerki. Bl\u00f6ndu\u00f0 skrautmerki.<\/p>\n","protected":false},"excerpt":{"rendered":"<p>Falleg b\u00f3kamerki. Bl\u00f6ndu\u00f0 skrautmerki.<\/p>\n","protected":false},"featured_media":728,"template":"","meta":[],"product_cat":[15],"product_tag":[],"class_list":["post-727","product","type-product","status-publish","has-post-thumbnail","hentry","product_cat-fjaroflun"],"_links":{"self":[{"href":"https:\/\/afturelding.is\/fjaroflun\/wp-json\/wp\/v2\/product\/727","targetHints":{"allow":["GET"]}}],"collection":[{"href":"https:\/\/afturelding.is\/fjaroflun\/wp-json\/wp\/v2\/product"}],"about":[{"href":"https:\/\/afturelding.is\/fjaroflun\/wp-json\/wp\/v2\/types\/product"}],"wp:featuredmedia":[{"embeddable":true,"href":"https:\/\/afturelding.is\/fjaroflun\/wp-json\/wp\/v2\/media\/728"}],"wp:attachment":[{"href":"https:\/\/afturelding.is\/fjaroflun\/wp-json\/wp\/v2\/media?parent=727"}],"wp:term":[{"taxonomy":"product_cat","embeddable":true,"href":"https:\/\/afturelding.is\/fjaroflun\/wp-json\/wp\/v2\/product_cat?post=727"},{"taxonomy":"product_tag","embeddable":true,"href":"https:\/\/afturelding.is\/fjaroflun\/wp-json\/wp\/v2\/product_tag?post=727"}],"curies":[{"name":"wp","href":"https:\/\/api.w.org\/{rel}","templated":true}]}}