{"id":744,"date":"2021-11-25T23:32:12","date_gmt":"2021-11-25T23:32:12","guid":{"rendered":"https:\/\/afturelding.is\/fjaroflun\/?post_type=product&#038;p=744"},"modified":"2021-12-02T08:54:19","modified_gmt":"2021-12-02T08:54:19","slug":"bokamerki-saumavel","status":"publish","type":"product","link":"https:\/\/afturelding.is\/fjaroflun\/vara\/bokamerki-saumavel\/","title":{"rendered":"B\u00f3kamerki &#8211; Saumav\u00e9l"},"content":{"rendered":"<p>Falleg b\u00f3kamerki. Bl\u00f6ndu\u00f0 skrautmerki.<\/p>\n","protected":false},"excerpt":{"rendered":"<p>Falleg b\u00f3kamerki. Bl\u00f6ndu\u00f0 skrautmerki.<\/p>\n","protected":false},"featured_media":745,"template":"","meta":[],"product_cat":[15],"product_tag":[],"class_list":["post-744","product","type-product","status-publish","has-post-thumbnail","hentry","product_cat-fjaroflun"],"_links":{"self":[{"href":"https:\/\/afturelding.is\/fjaroflun\/wp-json\/wp\/v2\/product\/744","targetHints":{"allow":["GET"]}}],"collection":[{"href":"https:\/\/afturelding.is\/fjaroflun\/wp-json\/wp\/v2\/product"}],"about":[{"href":"https:\/\/afturelding.is\/fjaroflun\/wp-json\/wp\/v2\/types\/product"}],"wp:featuredmedia":[{"embeddable":true,"href":"https:\/\/afturelding.is\/fjaroflun\/wp-json\/wp\/v2\/media\/745"}],"wp:attachment":[{"href":"https:\/\/afturelding.is\/fjaroflun\/wp-json\/wp\/v2\/media?parent=744"}],"wp:term":[{"taxonomy":"product_cat","embeddable":true,"href":"https:\/\/afturelding.is\/fjaroflun\/wp-json\/wp\/v2\/product_cat?post=744"},{"taxonomy":"product_tag","embeddable":true,"href":"https:\/\/afturelding.is\/fjaroflun\/wp-json\/wp\/v2\/product_tag?post=744"}],"curies":[{"name":"wp","href":"https:\/\/api.w.org\/{rel}","templated":true}]}}